7
What is the hundreds digit of 6483902?
9
What is the thousands digit of 12998559?
8
What is the units digit of 17391199?
9
What is the ten thousands digit of 310974?
1
What is the thousands digit of 33746?
3
What is the ten millions digit of 21952434?
2
What is the millions digit of 3318715?
3
What is the units digit of 7563909?
9
What is the thousands digit of 3218584?
8
What is the hundred thousands digit of 8772470?
7
What is the hundred thousands digit of 3362404?
3
What is the thousands digit of 570312?
0
What is the ten millions digit of 28604925?
2
What is the hundreds digit of 6136886?
8
What is the ten thousands digit of 249386?
4
What is the hundred thousands digit of 2880481?
8
What is the tens digit of 23425?
2
What is the tens digit of 108905?
0
What is the millions digit of 5651473?
5
What is the units digit of 888147?
7
What is the hundreds digit of 9077888?
8
What is the tens digit of 237482?
8
What is the hundred thousands digit of 2007777?
0
What is the thousands digit of 13397360?
7
What is the thousands digit of 10226187?
6
What is the units digit of 17436803?
3
What is the ten thousands digit of 18710825?
1
What is the ten thousands digit of 1163034?
6
What is the hundreds digit of 193372?
3
What is the ten thousands digit of 424650?
2
What is the hundred thousands digit of 191374?
1
What is the units digit of 9762641?
1
What is the thousands digit of 24662357?
2
What is the units digit of 46081?
1
What is the units digit of 1341346?
6
What is the units digit of 440700?
0
What is the units digit of 715531?
1
What is the ten thousands digit of 30718181?
1
What is the hundred thousands digit of 7731916?
7
What is the ten thousands digit of 11451107?
5
What is the millions digit of 22831923?
2
What is the hundred thousands digit of 314584?
3
What is the hundred thousands digit of 175249?
1
What is the units digit of 245397?
7
What is the millions digit of 1519056?
1
What is the ten thousands digit of 5232917?
3
What is the ten thousands digit of 370887?
7
What is the ten thousands digit of 72167?
7
What is the hundred thousands digit of 1501532?
5
What is the tens digit of 405603?
0
What is the hundred thousands digit of 6544496?
5
What is the hundred thousands digit of 1339961?
3
What is the units digit of 717422?
2
What is the hundreds digit of 477813?
8
What is the ten thousands digit of 21534?
2
What is the hundred thousands digit of 5142173?
1
What is the hundred thousands digit of 884550?
8
What is the hundreds digit of 278849?
8
What is the ten thousands digit of 237272?
3
What is the hundreds digit of 4771010?
0
What is the thousands digit of 4430866?
0
What is the ten millions digit of 10248651?
1
What is the hundred thousands digit of 816148?
8
What is the hundreds digit of 1863242?
2
What is the tens digit of 246848?
4
What is the tens digit of 207662?
6
What is the hundreds digit of 17170013?
0
What is the hundred thousands digit of 780679?
7
What is the units digit of 11775484?
4
What is the ten thousands digit of 77085?
7
What is the units digit of 676110?
0
What is the hundred thousands digit of 4511216?
5
What is the thousands digit of 2348919?
8
What is the hundreds digit of 280074?
0
What is the tens digit of 42219?
1
What is the hundred thousands digit of 317367?
3
What is the units digit of 3458130?
0
What is the hundred thousands digit of 20423853?
4
What is the ten thousands digit of 217300?
1
What is the thousands digit of 9633453?
3
What is the hundred thousands digit of 435642?
4
What is the thousands digit of 1998073?
8
What is the tens digit of 261511?
1
What is the hundreds digit of 575274?
2
What is the thousands digit of 4407265?
7
What is the ten thousands digit of 35405784?
0
What is the tens digit of 6105815?
1
What is the hundreds digit of 2302629?
6
What is the thousands digit of 177302?
7
What is the hundred thousands digit of 533827?
5
What is the tens digit of 421582?
8
What is the millions digit of 4380050?
4
What is the hundreds digit of 568328?
3
What is the hundred thousands digit of 13671681?
6
What is the thousands digit of 599033?
9
What is the millions digit of 1363710?
1
What is the thousands digit of 27365?
7
What is the millions digit of 6011561?
6
What is the hundreds digit of 480517?
5
What is the tens digit of 334294?
9
What is the ten thousands digit of 3795325?
9
What is the units digit of 13617169?
9
What is the millions digit of 1263570?
1
What is the thousands digit of 14937722?
7
What is the hundreds digit of 631434?
4
What is the ten thousands digit of 15525518?
2
What is the hundred thousands digit of 1758243?
7
What is the tens digit of 207653?
5
What is the thousands digit of 2149333?
9
What is the thousands digit of 942236?
2
What is the tens digit of 797570?
7
What is the tens digit of 2809876?
7
What is the hundreds digit of 5588533?
5
What is the thousands digit of 6888507?
8
What is the millions digit of 19677439?
9
What is the tens digit of 2860177?
7
What is the units digit of 519803?
3
What is the units digit of 2631442?
2
What is the tens digit of 319454?
5
What is the millions digit of 5787728?
5
What is the hundred thousands digit of 1052404?
0
What is the millions digit of 1060955?
1
What is the hundred thousands digit of 1682214?
6
What is the ten millions digit of 13099416?
1
What is the tens digit of 85641?
4
What is the units digit of 9528026?
6
What is the millions digit of 4857477?
4
What is the ten thousands digit of 4247737?
4
What is the hundreds digit of 29767?
7
What is the ten thousands digit of 195582?
9
What is the hundred thousands digit of 578123?
5
What is the tens digit of 265347?
4
What is the thousands digit of 99575?
9
What is the hundred thousands digit of 979879?
9
What is the tens digit of 787298?
9
What is the hundreds digit of 119893?
8
What is the hundreds digit of 437126?
1
What is the ten thousands digit of 1861578?
6
What is the units digit of 9558211?
1
What is the thousands digit of 363609?
3
What is the thousands digit of 5678554?
8
What is the millions digit of 1303784?
1
What is the thousands digit of 376068?
6
What is the units digit of 155515?
5
What is the hundreds digit of 4609?
6
What is the ten thousands digit of 6605672?
0
What is the hundreds digit of 128053?
0
What is the thousands digit of 202433?
2
What is the thousands digit of 3850409?
0
What is the thousands digit of 36615118?
5
What is the millions digit of 5412754?
5
What is the tens digit of 287242?
4
What is the tens digit of 411191?
9
What is the tens digit of 18455?
5
What is the hundred thousands digit of 1380894?
3
What is the thousands digit of 5598946?
8
What is the tens digit of 254240?
4
What is the thousands digit of 54508?
4
What is the units digit of 4911214?
4
What is the hundred thousands digit of 4058127?
0
What is the thousands digit of 1175453?
5
What is the millions digit of 2243213?
2
What is the hundreds digit of 1392921?
9
What is the thousands digit of 778708?
8
What is the hundreds digit of 5060351?
3
What is the units digit of 1676278?
8
What is the tens digit of 909558?
5
What is the ten thousands digit of 830489?
3
What is the tens digit of 9415730?
3
What is the thousands digit of 1912329?
2
What is the units digit of 4155516?
6
What is the thousands digit of 207763?
7
What is the thousands digit of 245213?
5
What is the hundreds digit of 11039132?
1
What is the ten thousands digit of 3342512?
4
What is the tens digit of 5007034?
3
What is the hundreds digit of 3789871?
8
What is the thousands digit of 776134?
6
What is the tens digit of 192921?
2
What is the units digit of 6688850?
0
What is the thousands digit of 468292?
8
What is the hundreds digit of 4339250?
2
What is the millions digit of 2667439?
2
What is the ten thousands digit of 388759?
8
What is the tens digit of 1349109?
0
What is the hundreds digit of 12374258?
2
What is the thousands digit of 547002?
7
What is the units digit of 105004?
4
What is the tens digit of 22063?
6
What is the tens digit of 5139673?
7
What is the thousands digit of 2331885?
1
What is the hundred thousands digit of 323549?
3
What is the tens digit of 19032433?
3
What is the hundreds digit of 13649035?
0
What is the thousands digit of 7146564?
6
What is the tens digit of 3175351?
5